6*v + 4. What is the remainder when r(-13) is divided by 15?
7
Let x(p) be the first derivative of 7/2*p**2 - 7 - 3*p + 2/3*p**3. Calculate the remainder when x(-6) is divided by 6.
3
Suppose 0 = -9*p - 0*p + 54. Suppose 0 = p*d - 30 - 18. What is the remainder when 13 is divided by d?
5
Let x(d) = -22*d - 321. Calculate the remainder when 403 is divided by x(-15).
7
Let q be (-3)/(-2) - (-74)/4. Let a = 57 - q. Let x = a - 7. Calculate the remainder when x is divided by 16.
14
Let f(g) = g**3 - 30*g**2 - 25*g - 31. What is the remainder when f(31) is divided by 43?
26
Let k(r) = -24*r + 174. Suppose 0 = 2*b - 40 + 8. Calculate the remainder when k(4) is divided by b.
14
Let n = 8 - -11. Let w = -18 + 21. Suppose 5*c - 264 = 3*u, 224 = w*c + c + 4*u. What is the remainder when c is divided by n?
16
Let w(s) = -2*s + 160. What is the remainder when w(44) is divided by 13?
7
Suppose 5*f + 264 = 1289. Let i = f - 108. What is the remainder when i is divided by 33?
31
Let x(z) = 9*z**2 - 49*z - 5. What is the remainder when (-2955)/(-30) - 2/(-4) is divided by x(6)?
24
Let b(n) = -2*n**3 - 5*n**2 + 4*n + 25. What is the remainder when b(-4) is divided by 23?
11
Let l = 36 + -33. Let x(f) = 3*f - 1. Calculate the remainder when x(l) is divided by 5.
3
Let s = -187 + 227. Calculate the remainder when 154 is divided by s.
34
Let d(u) = -33*u - 32. Calculate the remainder when d(-10) is divided by 24.
10
Suppose 5*x + 2*x - 336 = 0. Suppose 4*u = -2*q + 9 + 127, -u + 3*q + x = 0. Calculate the remainder when u is divided by 3.
0
Suppose -4*r = -7*r + 975. Let j = 159 - r. Let t = -96 - j. Calculate the remainder when t is divided by 18.
16
Let o(q) = -q**3 - 21*q**2 + 201*q + 5. Calculate the remainder when 437 is divided by o(7).
37
Let v be ((-2)/6)/(14/(-252)). Let i = v + -4. Suppose -20 + i = -3*s. What is the remainder when 9 is divided by s?
3
Suppose 2*s + 4*o = -44, 0 = s + 3*o + 12 + 13. Let r = s - -35. Calculate the remainder when 67 is divided by r.
10
Let a = -46 - -14. Let p = 32 + a. Suppose 2*t - v + 6*v - 52 = p, 2*t = -2*v + 64. Calculate the remainder when t is divided by 19.
17
Suppose s = -4*s - 10. Let c = 4 + s. Suppose -u = -2*m - 9, 5*u + c*m - 84 = -m. What is the remainder when u is divided by 6?
3
Suppose 0 = 5*d - 4*g - 21, 5*d - 3*g = 20 + 2. What is the remainder when 11 is divided by d?
1
Let a(n) = 5*n**2 + 14*n + 22. What is the remainder when 128 is divided by a(-2)?
2
Let z be 1/4 + (-135)/(-36). Suppose -a + 5 = s - z, -3 = a - 2*s. Suppose 2*m = -a*m + 42. Calculate the remainder when 11 is divided by m.
5
Let u(q) be the third derivative of q**4/24 + q**3 + 19*q**2. Calculate the remainder when 38 is divided by u(2).
6
Suppose 0*i + 129 = 3*i. Let r = 2 + -12. Calculate the remainder when i is divided by ((-9)/6)/(1/r).
13
Suppose -34*w = -13*w - 4725. Calculate the remainder when w is divided by 57.
54
Let d = -182 - -199. What is the remainder when d is divided by 11?
6
Let o = -40 + 43. Suppose o = -s + 53. Let c = -41 - -58. What is the remainder when s is divided by c?
16
What is the remainder when 72 is divided by 1/(-3)*(-30)/(-20)*-84?
30
Let t be 3*((-128)/12)/2. Let k = 22 + t. Let s(y) = 3*y. Calculate the remainder when s(3) is divided by k.
3
Let f be 27/(((-6)/(-4))/1). What is the remainder when (2/(-3))/(f/(-3915)) is divided by 21?
19
Suppose -2*f - 94 = -192. Suppose 48*d + 103 = f*d. What is the remainder when d is divided by 35?
33
Let g(m) = 25*m + 8. What is the remainder when 45 is divided by g(0)?
5
Let g(p) = p**2 - 30*p + 14. Calculate the remainder when 165 is divided by g(30).
11
Suppose -3*n = 4*q + 2*n - 241, -4*n - 173 = -3*q. Let c(v) = -7*v - 6 + 8*v + 36. Calculate the remainder when q is divided by c(-15).
14
Suppose -n + 2*f = -0*n + 1, -2*n - 5*f = -7. Calculate the remainder when 62 is divided by 12*n - (-11)/((-33)/(-12)).
14
Let u = -1340 - -1375. Calculate the remainder when 418 is divided by u.
33
Suppose 4*u - 8*u = -76. Suppose 5*q + u = -26. Calculate the remainder when 30 is divided by (-94)/(-6) - 3/q.
14
Suppose 12*v = 40 + 92. What is the remainder when 32 is divided by v?
10
Let b(u) = -21*u - 11. What is the remainder when 86 is divided by b(-1)?
6
Let w(h) = h**2 + 27*h + 124. What is the remainder when 91 is divided by w(-23)?
27
Suppose -7*f + 8*f - 25 = z, 2*z = -10. Calculate the remainder when 53 is divided by f.
13
Let z = 166 + -102. Let c = z + -5. Calculate the remainder when c is divided by 31.
28
Let i = 176 - 93. Let n = 187 - 170. Calculate the remainder when i is divided by n.
15
Suppose -3*o - 86 = -98. Suppose -8 = -d + 5. What is the remainder when d is divided by o?
1
Suppose -2*r = 16 - 10, -781 = -5*d - 3*r. Calculate the remainder when d is divided by 43.
29
Suppose 346 = 3*i - 2*o, i - 3*o = 4*i - 366. What is the remainder when i is divided by 24?
22
Calculate the remainder when (-2)/(((-16)/472)/1) is divided by 49.
10
Calculate the remainder when 523 is divided by -12*(296/(-42) + (-18)/63).
83
What is the remainder when (5*-18)/2*256/(-160) is divided by 19?
15
What is the remainder when ((-284)/10)/(56/(-140)) is divided by 34?
3
Suppose -5*m + 1007 = 5*w + 342, 0 = 4*m + 4. Calculate the remainder when w is divided by 4.
2
What is the remainder when ((-135)/(-1))/(-30 - -31) is divided by 30?
15
Let j(r) = r**2 + 10*r - 6. Suppose 8 = 4*x, -2*x + 23 = 5*c - 3*x. Suppose 53 + 2 = -c*o. What is the remainder when 11 is divided by j(o)?
1
Let m(v) = v**2 - 7*v + 1 + 3*v**2 - 3*v**2 - 16. Calculate the remainder when m(-9) is divided by 19.
15
Let a be 2 + 0 + -202*1/(-2). Suppose 2*m = -5*p + a, -m - m + 73 = -5*p. Let q(b) = 3*b - 9. Calculate the remainder when m is divided by q(6).
8
Let z = 15 - 24. Calculate the remainder when (z/(-3) - 0) + 31 is divided by 12.
10
Suppose 2*n + 5*j = 23, 5*j + 4 = 4*n + j. Calculate the remainder when (-29 - 0)*n/(-2 + -2) is divided by 11.
7
Suppose 41*n + 95 = 46*n. What is the remainder when 46 is divided by n?
8
Suppose -2*r = 7*r + 18. What is the remainder when 133 is divided by (2/6)/(((-6)/r)/135)?
13
Let i(u) = 12*u - 269. What is the remainder when 73 is divided by i(24)?
16
Suppose l - 4*r + 0*r + 18 = 0, -5*l = -5*r + 15. Suppose 0 = -c + 2*c - 3. Let s = c + l. Calculate the remainder when 9 is divided by s.
4
Let v = 1 + -14. Let k = v + 16. What is the remainder when 3 + (-3 + 1 - -3) is divided by k?
1
Suppose 3*m + 4*c - 148 = 0, 4*m + c - 193 = -0*m. Calculate the remainder when m is divided by 28.
20
Let a(b) = -b**2 + 5*b - 4. Let w be a(3). Suppose -8*z + 1188 = -w*z. What is the remainder when z is divided by 50?
48
Suppose 2*j - 4 = -2*j. Let a(u) = u + 10. Let g be a(-14). Let y = j - g. Calculate the remainder when y is divided by 4.
1
Let l = -128 - -139. Let j = 11 + 19. What is the remainder when j is divided by l?
8
Let h = 894 - 888. What is the remainder when 170 is divided by h?
2
Suppose 11 = 4*x - 25. Suppose -13*d + 144 = -7*d. What is the remainder when d is divided by x?
6
Let r(t) = -t**3 - 14*t**2 - 6*t - 16. Calculate the remainder when 201 is divided by r(-14).
65
Suppose 0 = 17*h - 6816 + 1087. Calculate the remainder when h is divided by 26.
25
Suppose -19*g + 265 = -400. Calculate the remainder when g is divided by 6.
5
Suppose 16*l = 4*l - 1061 + 1181. Let t(g) = 5*g + 4. What is the remainder when t(6) is divided by l?
4
Suppose -341 + 245 = -16*t. Calculate the remainder when 4/3*(-15)/(-2) is divided by t.
4
Let g = 17 - 9. Let u be (3 - 4) + -1 + 5. Suppose 199 - 13 = 5*x + 2*s, u*x + s - 112 = 0. What is the remainder when x is divided by g?
6
Suppose -2*n = -6*n - 3*z + 18, -4*z = 3*n - 10. Suppose -5*v = -38 - 37. Calculate the remainder when v is divided by n.
3
Let q = -80 + 93. Suppose -17*o = -q*o - 576. Calculate the remainder when o is divided by 29.
28
Let z = -20 + 56. Calculate the remainder when (1 + 3/6)/(z/312) is divided by 3.
1
Let q = 584 + -339. Calculate the remainder when q is divided by 41.
40
Let o(m) = -8*m. Let v = 7 - 13. Let i be o(v). Suppose y - j + 3*j = 0, 2*j = 5*y - i. What is the remainder when 22 is divided by y?
6
Let p = 42 + -16. Suppose 0 = 35*h - 1449 - 266. What is the remainder when h is divided by p?
2